3. Calculate b(q).
9
Let h(x) = -x**3 + 5*x**2 + 6. Suppose -4*b = -5 - 4 - 11. Determine h(b).
6
Let z(v) = 13510*v - 15 - 6728*v - 6784*v. Let n be (4/5)/((-2)/10). What is z(n)?
-7
Let k(z) = -5*z - 14. Let d be k(-15). Let m = 64 - d. Let i(b) = b**3 - 1 + 0*b**2 + 2*b**2 - m*b + 3*b**2 - 3*b**2. What is i(-2)?
5
Let q(a) = -a**3 + 9*a**2 - 15*a - 4. Suppose 3*w = 4*p + 6, 0 = 5*p - 2300*w + 2299*w - 9. Calculate q(p).
5
Let h(q) = q**3 - 20*q**2 + 19*q + 8. Suppose 56*g - 38*g = 30*g - 228. What is h(g)?
8
Suppose -5*z + 30 = -3*h - 29, 5*z - 38 = -4*h. Let q(v) = v**3 - 11*v**2 + 13*v - 15. Give q(z).
15
Let v(d) = -5*d - 2*d - 7*d**3 - 2*d - 8*d**2 + 10*d + 5. Let r(j) = 9*j**3 + 9*j**2 - 3*j - 6. Let m(k) = -4*r(k) - 5*v(k). Determine m(5).
9
Suppose -s + 21 = -5*b - 12, -b = -3*s + 15. Let i be (0 - b/15)*(-5)/2. Let v(j) = j**2 + j + 2. Determine v(i).
2
Suppose -t - j = -208, 4*j = -t - 50 + 267. Let u(x) = 5 - t*x - x**2 + 106*x + 102*x. Calculate u(5).
-5
Let d(b) = -2*b**2 + 28657 + 6*b - 57318 + 28660. Let f(s) = -2 + 4*s - s**2 - 4*s**2 + 9*s. Let c(h) = 9*d(h) - 4*f(h). Give c(-2).
3
Let z(k) = -26*k - 27. Let r(t) = -13 - 19 + 53 - 23 - 13 - 14*t. Let d(n) = 11*r(n) - 6*z(n). Let q = 2 - -1. Determine d(q).
3
Let o(b) = -4*b**2 - 4*b + 13. Let z(c) = -30*c**2 - 30*c + 96. Let k(v) = 44*o(v) - 6*z(v). Calculate k(4).
76
Let m = 30 + 14. Let k = m - 43. Let v(f) = -52*f**2 + f - 5. Let b(u) = -13*u**2 - 1. Let h(s) = -9*b(s) + 2*v(s). What is h(k)?
14
Let n(x) be the second derivative of 0 - 17*x + 1/8*x**4 + 7/6*x**3 - 7*x**2. Let k(o) be the first derivative of n(o). Determine k(-5).
-8
Let w be 3*(-4)/36*0. Let g(c) = 12 + w*c**2 - 82*c + 38*c - c**2 + 41*c. What is g(-5)?
2
Let r(h) = -46*h + 140*h - 54*h - 49*h + 22 - 75. Calculate r(-6).
1
Let k = 71 - 69. Suppose 0 = -k*b + 5*r, 2*b - 4 = -2*r + 10. Let f(v) = v**3 - 5*v**2 + 2. What is f(b)?
2
Let p(o) = o**2 - 2*o + 3. Let j be p(2). Let b(k) be the third derivative of 5*k**4/24 - 8*k**3/3 + 2223*k**2. Determine b(j).
-1
Let j(b) be the third derivative of b**5/60 + 17*b**4/24 + b**3/3 + 885*b**2. Determine j(-18).
20
Let k(w) be the second derivative of -w + 3/2*w**3 - 9 + 1/12*w**4 - 17/2*w**2. Give k(-12).
19
Let w(d) = -7*d**3 - 5*d**2 + 3*d + 2. Suppose 0 = -9886*v + 9871*v + 15. Calculate w(v).
-7
Let o be 1/(-6) - (-77)/66. Let r(k) = -129*k**2 + 4*k - 4. What is r(o)?
-129
Suppose -11718 = -332*j - 970*j. Let m(y) be the third derivative of -y**4/24 + 5*y**3/3 + y**2. What is m(j)?
1
Let f(w) = -14*w**2 + 23*w + 31. Let t(l) = 6*l**2 - 10*l - 14. Let a(i) = -7*f(i) - 16*t(i). Calculate a(0).
7
Let z be (-637)/65 + 9 + (-1904)/(-280). Let n(c) = -1. Let f(t) = -t. Let o(a) = -2*f(a) + 3*n(a). Determine o(z).
9
Let x = 330 - 286. Let c be 23/4 - 33/x. Let t(p) = p**2 - 8*p + 3. What is t(c)?
-12
Let f(c) = c**3 - 8*c**2 + 7*c - 1. Let w = -4 - -9. Suppose w*n - h - 80 + 44 = 0, 31 = 5*n + 4*h. What is f(n)?
-1
Suppose -102*m + 161*m = -59. Let g(c) be the third derivative of 7*c**4/24 + c**3/6 - 25*c**2. Calculate g(m).
-6
Let l(h) be the third derivative of h**7/840 + h**6/30 + 5*h**4/24 + 59*h**3/6 + 8*h**2 - 3. Let f(z) be the first derivative of l(z). Determine f(-12).
5
Let t(y) = -8*y**2 + 7*y + 8. Let w be t(-1). Let r(o) = 3*o**3 - 21*o**2 + o - 11. Let h(j) = -2*j**3 + 14*j**2 + 7. Let d(u) = w*h(u) - 5*r(u). What is d(5)?
31
Let z(k) be the third derivative of k**4/4 - 19*k**3/2 - 2*k**2 - 2*k - 22. Calculate z(8).
-9
Let o(f) = f**2 - f + 1. Suppose -3*s + 69 = m, -2*s = m + 3*m - 36. Let z be (-5 - 1)*(32/s + -2). Calculate o(z).
13
Let t(j) = 3*j + 8. Let i(z) = -9*z - 28. Let f(c) = -6*i(c) - 21*t(c). Calculate f(-4).
36
Let n(k) = -k**2 - 41*k - 75. Let t be n(-38). Let b be (-26)/t*(-30)/4. Let p(f) = 1 + f + 0 - 6. Determine p(b).
0
Let q(k) = -2*k**3 - 16*k**2 - 35*k - 4. Let c(p) = p**3 + 7*p**2 + 15*p + 2. Let v(i) = -5*c(i) - 2*q(i). Let s = 3 + -7. What is v(s)?
34
Let b(i) be the third derivative of -45*i**2 - 5/24*i**4 + 0 + 0*i - 1/3*i**3 + 1/60*i**5. Give b(6).
4
Let o(n) = -3*n**3 - 14*n**2 + 14*n - 1. Let t(k) = -2*k**3 - 7*k**2 + 7*k. Let r(f) = -11*f + 105. Let c be r(10). Let b(j) = c*t(j) + 3*o(j). What is b(5)?
-18
Let k(m) be the first derivative of 2*m**3/3 - 3*m**2/2 + m - 2. Let c(o) = 4*o**2 - 22*o - 12. Let n be c(7). Suppose 66 = 32*l - n. Calculate k(l).
10
Let p(o) = -o**2 + 8*o - 4. Suppose 0*w + 2*h + 106 = 2*w, 4*h = w - 53. Let l = 50 - w. Let g be l/(-7) - (2 + (-92)/14). What is p(g)?
11
Let b(q) = 8*q - 80. Suppose -231*j = -230*j - 11. Let g(h) = 3*h - 28. Let w(c) = j*g(c) - 4*b(c). What is w(-8)?
4
Let l(g) be the second derivative of 2 + 6*g + 1/3*g**3 + g**2. Determine l(4).
10
Suppose -3*m - 2*x + 7 = 0, -5*m + 3*m = x - 6. Let j(q) = 11*q - 2293 + 2*q**3 + 3*q**3 + 2289 - 7*q**2 - 4*q**3. Determine j(m).
1
Let s(q) be the second derivative of -q**3/6 + 13*q**2/2 + 12*q. Let l be s(5). Let d(n) = -13 + 2 + 3*n + 6. Give d(l).
19
Let u(d) = 40*d**2 - 3 - 2*d - 14*d**2 - 19*d**2 - 14*d**2. Let c(z) = 15*z**2 + 5*z + 7. Let s(l) = 3*c(l) + 7*u(l). Give s(-2).
-18
Let c(j) = 43*j**3 - 10*j**2 - 11*j + 27. Let d(k) = 37*k**3 - 9*k**2 - 11*k + 27. Let f(n) = -6*c(n) + 7*d(n). Calculate f(3).
-6
Let d(r) = -r**2 + 30*r - 15. Suppose -5*s - 87 = 359*c - 362*c, 5*s = 2*c - 58. Calculate d(c).
14
Let y(k) = k**2 - 9*k + 5. Suppose 16*q + q - 85 = 0. Let l(x) = -x + x**2 - 4 + 7 - 3*x. Let a be l(q). What is y(a)?
-3
Suppose 0 = 12*d - 27*d + 345. Suppose 15*u = 142 + d. Let b(j) = j**3 - 12*j**2 + 10*j + 13. Calculate b(u).
2
Let s be (-20)/55*(-792)/16. Let v(c) = -6*c + 121. Determine v(s).
13
Let v(h) = h**2 - 10*h + 6. Let a(k) = -2*k**2 + 19*k - 12. Let f(s) = 3*a(s) + 7*v(s). What is f(15)?
36
Let n(r) = -7*r + 232. Let a(m) = 3*m**2 - 230*m + 186. Let j be a(76). Calculate n(j).
-6
Let g(f) = -6 - 25*f - 19*f - 22*f - 21*f + 89*f. Calculate g(1).
-4
Let u(h) = 19 + 59165*h - 59142*h - 110. Determine u(7).
70
Let q(d) = -5 + 4*d + 0 - 1 - 2. Let n(b) = -3*b + 7. Let t(u) = 3*n(u) + 2*q(u). Let j = 15 - 10. What is t(j)?
0
Let l(x) = 26*x + 9. Let j(g) = 88*g + 26. Let f(v) = -2*j(v) + 7*l(v). Determine f(-16).
-85
Let y(z) be the first derivative of 2*z + 2 + 1/2*z**2. Suppose 50*q = 29*q. What is y(q)?
2
Let t = 166 - 162. Let u(h) = 12*h**2 - 2*h - 7. Let c(d) = 13*d**2 - 3*d - 10. Let i(y) = t*u(y) - 3*c(y). What is i(2)?
40
Let u(a) = -11*a - 75. Let x = -4478 + 4472. What is u(x)?
-9
Let t(p) = p**2 - 5*p - 2. Suppose 0 = 7*d + 17 - 164. Suppose l = 18 - d. What is t(l)?
22
Let y(q) be the second derivative of -q**3/6 + 21*q**2/2 + 3*q. Let o be ((-6)/(-9))/((-2)/15). Let n be o - 160/(-35) - (-6)/14. Give y(n).
21
Let r(z) = 2*z**3 - 9*z**2 - 19*z + 2. Let j(t) = -t**3 - 23*t**2 - 50*t - 170. Let q be j(-21). What is r(q)?
-12
Let u be ((-15)/(-10))/((-2)/(-4)). Let h(o) = 3*o**2 + o - 8. Let t(n) = n**2 - 2. Let w(f) = -h(f) + 4*t(f). Give w(u).
6
Let o be 1*(-27)/(-6)*(-14)/21. Let q(p) = -5*p**3 - 47*p**2 + 36*p + 5. Let t(a) = 2*a**3 + 16*a**2 - 12*a - 2. Let d(k) = o*q(k) - 8*t(k). Give d(12).
1
Let g(r) = 0*r - 1419*r**2 + 3*r + 1417*r**2 + 12 + 2*r. Calculate g(6).
-30
Let p(w) = w**3 + 8*w**2 + 9. Let d = -8 - -13. Suppose 0 = 5*j - d*t - 8 - 2, 2*t - 5 = -j. Suppose -2*h = 3*f + 2*h + 28, 2*f - j*h = -13. Determine p(f).
9
Let f(o) = -57*o - 562. Let m(j) = 6*j + 56. Let b(u) = 3*f(u) + 29*m(u). Give b(-15).
-107
Let l(u) = -2*u + 31. Let s = 10032 - 10018. Determine l(s).
3
Let g(f) = 10*f**2 - 25*f - 11. Suppose 62*n - 9*n = -106. Let p(l) = 3*l**2 - 8*l - 4. Let w(b) = n*g(b) + 7*p(b). Calculate w(7).
1
Let m(f) = -11*f**2 + 5*f + 6. Let t(k) = 24*k**2 - 11*k - 14. Let w(x) = -13*m(x) - 6*t(x). Let s = -72 - -30. Let y be (-4)/(-14) + 12/s. Determine w(y).
6
Let a(r) = -9505 + 4*r + 9498 + 0*r**2 + r**2. Let g = 3 - 1. Let v(p) = -3*p**2 + 2*p + 2. Let n be v(g). Determine a(n).
5
Let v be ((-2)/(-6))/(43/6 + -7). Let m(j) = -j**2 + j + 1. Let o(w) = -3*w**2 + 17*w + 25. Let i(s) = v*m(s) - o(s). Give i(16).
-7
Let x(l) be the second derivative of l**4/4 + l**3/6 - l**2/2 - l. Suppose -3*w - 3*o + 51 - 18 = 0, 3*w = 3*o - 45. Determine x(w).
9
Let i(u) = 42*u**3 - 80*u**2 + 51*u + 83. Let m